(6). Suppose c*o - 96 + 0 = 0. What is the greatest common factor of 272 and o?
16
Let c(u) = 24*u - 16. Suppose 2*r + 4 = 0, 77 = 2*w - 4*r + 11. Let z = -24 + w. Let a be c(z). Calculate the greatest common divisor of a and 13.
13
Suppose -t - 5*u + 223 = 0, -4*t - 1164 = -2*u - 2166. What is the greatest common factor of 328 and t?
8
Let m(p) = 201*p + 0*p**2 + 2*p**2 - 177*p + 5. Let h be m(-16). Let b = h + -79. What is the greatest common divisor of 6 and b?
6
Let u be ((-512)/4864)/(2/(-38)). Let w = 25 + -11. Calculate the highest common divisor of w and u.
2
Let q(x) = x**3 - 171*x**2 + 7072*x - 22. Let u be q(68). What is the highest common factor of 78 and u?
78
Suppose -5*i = 4*z - 455, -2*i - 3*z + 260 - 78 = 0. What is the greatest common divisor of 2639 and i?
91
Let h = 30 + -15. Suppose 0 = -1186*c + 36797 + 10643. Calculate the highest common divisor of c and h.
5
Let q be ((-184)/(-12) - 9/27)/1. Suppose -q*t - 90 = -210. Let j(g) = g + 4. Let x be j(0). Calculate the greatest common divisor of x and t.
4
Let v be (-420)/63 + (-2)/(-3). Let l = v - -8. Suppose -l*z - 20 = -4*a, 11*z = 5*a + 8*z - 24. Calculate the greatest common divisor of a and 4.
2
Let k be 24*(-5)/(-11 + -4). Suppose 0 = -3*d - d + 2*i + 764, 0 = -4*i + k. Calculate the greatest common factor of d and 144.
48
Let a = 29462 + -29430. Suppose 5*o + 0*o = 880. What is the highest common divisor of o and a?
16
Let y = -86 + 78. Let b = 10 + y. What is the highest common factor of b and 7?
1
Let l be 283 + (-17 - (-57 - -26)). What is the greatest common divisor of 1474 and l?
11
Let g = 201 + 1072. Calculate the greatest common factor of 134 and g.
67
Let g be (12/(-24) - 1587/(-18))*21. What is the highest common factor of 21 and g?
7
Suppose 524*d + 9 = 527*d. Suppose 5*x + d*t - 320 = -2*t, 2*x - 3*t - 113 = 0. Calculate the highest common divisor of x and 671.
61
Let j = -36 - -40. Suppose j*w = -3*w - w. Suppose w = 5*h + 80 - 380. Calculate the greatest common factor of h and 24.
12
Let n = -360 - -415. Suppose 8*x + 75 = 3*x. Let f = 20 + x. What is the highest common divisor of n and f?
5
Let q(v) = -2*v**2 - v + 53. Let i be q(5). Let x be i*78/(-12) + 0. What is the highest common factor of 91 and x?
13
Suppose 28*s - 35*s - 2429 = 0. Let n = s + 358. Suppose -3*v + 0*v + 71 = a, -4*a + 304 = 2*v. What is the highest common factor of a and n?
11
Let x = 756 - -2094. Calculate the highest common divisor of x and 100.
50
Let f be 720/1152 + (-25843)/(-8). Calculate the greatest common divisor of f and 9.
9
Let u be -2 - -157 - (-1 - 1)*90/(-180). What is the highest common divisor of u and 112?
14
Let x be (-203)/145 + (-9176)/(-40). What is the greatest common divisor of 380 and x?
76
Let b be -1*(-1 + 2)*60. Let g be 6624/108 + (-6)/(-9). Let x = g + b. Calculate the highest common divisor of x and 38.
2
Let q be 5577/(-2)*(555/(-450) - (-3)/(-30)). What is the greatest common factor of q and 169?
169
Suppose 408 = -4*n + 124. Let l be n/(-6) - ((-46)/(-12) + -4). What is the highest common divisor of l and 42?
6
Let r = 394 - 318. Suppose -r = -3*v - 52. Calculate the greatest common divisor of v and 544.
8
Let f = 217 + -225. Let p(b) = 2*b**2 + 18*b + 70. Let q be p(f). What is the greatest common factor of 135 and q?
27
Suppose 5*t - 3*s - 6 = 3, 3*t = -s - 3. Suppose 0 = -2*q + 8, -l + 5*q - 7 + 9 = t. What is the highest common factor of l and 198?
22
Suppose -45*d = -3*i - 41*d + 320, -14*i + 1328 = 2*d. What is the greatest common factor of 10032 and i?
48
Let t(j) = 7*j - 3. Let u be t(3). Let c = 26 - u. Let z be 14 - -51 - 8 - 1. What is the highest common divisor of z and c?
8
Let x = -182 - -189. Suppose -x*p + 0*p = -98. Let s(o) = -2*o**3 - 5*o**2 - 6*o - 1. Let t be s(-5). Calculate the highest common factor of t and p.
14
Suppose -2*i - s = -2839, 3*i = 5*s + 3273 + 979. Let p be i - 7/(-21)*21. What is the highest common factor of 23 and p?
23
Suppose 130*n - 125*n - 40 = -z, -3*n - 344 = -4*z. What is the highest common divisor of 160 and z?
80
Suppose -32*l = 4*l - 36. Let y be -130 + 148 - (5/l + 0). Let w = 67 - 28. What is the greatest common divisor of w and y?
13
Let u be 2/(-9) + ((-1015)/(-45))/7. Suppose u*p + 109 = 2*n - 56, -p = -4*n + 335. Calculate the highest common divisor of 63 and n.
21
Let v(m) be the second derivative of m**4/12 + 29*m**3/6 + 221*m**2/2 - 20*m - 2. Let d be v(-13). What is the greatest common divisor of 8 and d?
1
Let x = -25887 - -25919. Let t(g) = g + 5. Let n be t(-3). What is the highest common divisor of n and x?
2
Let n(h) = 193*h + 9293. Let z be n(-48). What is the highest common factor of z and 11?
1
Let g = -95 - -81. Let a(p) = p + 30. Let x be a(g). Let h be -4 + 0 + -1 + 181. Calculate the highest common factor of h and x.
16
Let c = 2951 - 2789. Calculate the highest common factor of 48 and c.
6
Suppose 2*m - 137 - 103 = 0. Let r = -129 + 229. Suppose 10 = -3*w + r. Calculate the highest common factor of w and m.
30
Let u = 293 - 245. Suppose 5*d + 4*x = 144 - u, 76 = 4*d + 4*x. What is the greatest common divisor of d and 20?
20
Let u = 10246 + -9989. Calculate the highest common factor of u and 1285.
257
Let m = 89 + -77. Let v be (-27)/(-36) - (-495)/m. Calculate the highest common factor of v and 294.
42
Let f(g) = 2*g**3 + 9*g**2 - 17*g - 33. Let r be f(7). What is the highest common divisor of r and 75?
75
Let j = 425 + -423. Suppose j*r = -5*w + 528, w + 5*r - 53 - 48 = 0. What is the highest common factor of 2 and w?
2
Suppose 59*a - 74*a + 1815 = 0. Calculate the greatest common factor of 7381 and a.
121
Suppose 6937*k - 6952*k + 491 = -6139. Calculate the highest common divisor of 1258 and k.
34
Let n = 625 - 493. Suppose 4*w + 7*c - n = 2*c, -3*w = -c - 99. What is the greatest common divisor of w and 253?
11
Suppose -r + 5*h = -133, -24*h + 28*h = -r + 124. What is the highest common factor of 8640 and r?
64
Let n(v) = v**2 + 0*v + 4*v - 11*v - 12. Let g be n(10). Let o = 440 - 314. Calculate the highest common divisor of o and g.
18
Let c(f) = f**2 - 5*f + 9. Let z be c(8). Let t = -9 + 9. Suppose t = -n - 4*y + 42, 5*n = -y - y + 120. What is the greatest common divisor of n and z?
11
Let d = 128 + -123. Let j(u) = u**3 + 2*u**2 - 18*u - 5. Let k be j(d). Calculate the highest common divisor of k and 180.
20
Let y = 267 - 140. Let d = -58 + y. Calculate the greatest common divisor of d and 6.
3
Suppose -767 = -18*f + 16*f + 3*q, -4*q + 774 = 2*f. Calculate the highest common divisor of 1232 and f.
77
Let q(u) = u**3 - 62*u**2 + 119*u + 164. Let x be q(60). What is the highest common divisor of 78 and x?
26
Suppose 0 = 5*r - 5, r + 97 = 302*l - 301*l. Calculate the greatest common divisor of l and 64.
2
Suppose -2*o - 72*o = -1942944. Calculate the greatest common factor of 24 and o.
24
Let f(g) = g**2 + 60*g + 578. Let o be f(-49). Calculate the highest common divisor of o and 832.
13
Suppose 43*g - 44*g + 93 = 0. Suppose -2*b = -8, g = 2*m + 3*b - 239. What is the greatest common factor of m and 20?
20
Let o(m) = 2*m**2 + 77*m - 6. Let v be o(-42). Calculate the greatest common divisor of v and 1584.
144
Let h = -12089 - -12095. Suppose u + 20 = 4*b, 5*b - 2*b + 4*u - 34 = 0. Calculate the highest common factor of h and b.
6
Let a = 1302 - 1293. What is the highest common factor of a and 117?
9
Let b(s) = 2*s**2 - 8*s - 54. Let y be (-32)/10 + 248/(-310). Let l be b(y). What is the greatest common divisor of l and 10?
10
Let g = 399 + -419. Let d = 80 + g. Calculate the highest common factor of 540 and d.
60
Let s be 7 + (-571)/(-3)*-1*-3. What is the highest common factor of 102 and s?
34
Let h(a) = 3*a - 43. Let g be h(15). Suppose 2*z + 3*l = -l - 12, -z + 3*l = -4. Let d be (-9)/g*z/(-3) - -26. What is the highest common divisor of d and 69?
23
Let z(h) = -23*h - 109. Let c(p) = 34*p + 161. Let k(i) = 5*c(i) + 8*z(i). Let f be k(-5). What is the highest common divisor of 21 and f?
3
Let b = -67 - -75. Let y(s) = 20*s - 21. Let w be y(b). Let h = 211 - w. What is the highest common factor of h and 48?
24
Let c = 1139 + -688. Suppose 12*f + 2489 - 2981 = 0. Calculate the highest common divisor of f and c.
41
Let x be ((-6)/((-24)/19))/((-2)/(-88)). Let w = x 